-4)?
13
Let c be (-8)/28 + 48/21. Suppose 2*n - 4*y + 7 = 25, -4*n + 21 = -3*y. Let j(g) = g + n*g**2 - 2*g**2 + g - 2*g**3 + 1 - 3. Determine j(c).
-10
Let k(z) be the first derivative of z**4/12 - 5*z**3/6 + 7*z**2 + 12. Let f(g) be the second derivative of k(g). What is f(6)?
7
Let n be (-1)/(-6)*128/16*-6. Let w(g) = g + 11. Give w(n).
3
Suppose 0 = 2*a + 3*s - 15, 5*s - 9 - 16 = -2*a. Suppose a = -3*h + 12*h - 9. Let n(q) = -7*q**3 - 1. Give n(h).
-8
Suppose -9 = -9*d + 12*d. Let i(t) = 3*t - 5. What is i(d)?
-14
Let n(m) = -m**3 - 8*m**2 - m - 16. Let j(s) = -2*s**3 - 13*s**2 - 2*s - 32. Let u(d) = 2*j(d) - 5*n(d). Give u(-14).
2
Suppose 53 = 5*q - 77. Suppose -q = -4*u + 2*s - 0*s, u = -5*s + 1. Let g(x) = x**2 - 6*x + 4. Calculate g(u).
4
Let i(r) = 5*r**2 - 20*r - 35. Let f(s) = 4*s**2 - 14*s - 34. Let t(q) = -4*f(q) + 3*i(q). Determine t(-9).
-14
Suppose 3*d + 2*d - 5*n + 20 = 0, 0 = 5*d + 3*n + 28. Let f(c) = -c - 7. Calculate f(d).
-2
Let o(i) = -7*i**3 + i. Suppose -r + 1 - 2 = 0. Calculate o(r).
6
Let s(t) = -t**2 + 10*t + 16. Let r be s(11). Suppose -n - 2*n = -2*z - 50, -r*n + 11 = -z. Let d = z - -27. Let y(c) = c**3 + 4*c**2. Determine y(d).
0
Let p(m) = -11*m**3 - 36*m**2 + 10*m + 6. Let u(k) = 5*k**3 + 17*k**2 - 5*k - 3. Let g(o) = -6*p(o) - 13*u(o). What is g(5)?
28
Let p be (3 - (3 - -1))*-1. Let w(c) = c - 1. Let u(h) = 8*h - 8. Let n(v) = p*u(v) - 6*w(v). Give n(3).
4
Let k(d) = 11*d**2 + 6*d + 17. Let x(h) = -5*h**2 - 2*h - 9. Let v(j) = 6*k(j) + 13*x(j). What is v(-11)?
-4
Let l(t) = t**3 + 33*t**2 - t - 23. Let u be l(-33). Let j(v) = v**3 - 11*v**2 + 11*v - 7. Give j(u).
3
Let d(v) be the first derivative of 31*v**3/3 - v**2 + v - 7. What is d(1)?
30
Let p(m) = -9 - 9 - m - m**2 + 0*m**2 + 13. Let s be 2 + -2*(5 + -4). Give p(s).
-5
Let t(x) = -2*x - 6. Suppose 6*o - 3*u - 127 = 2*o, -3*o - 4*u = -64. Suppose o = q + q. Let l be q*((-15)/10 + 1). Determine t(l).
8
Let i(m) = -2*m**2 + 7*m - 5. Suppose -4*c + 4*q - 6 = -38, 8 = -2*q. Determine i(c).
-9
Suppose 334 = -9*h - 116. Let x = h - -56. Let s(w) = w - 7. Determine s(x).
-1
Let w(u) = u + 37. Let p = -162 + 162. Determine w(p).
37
Suppose 10*i + 613 = 603. Let x(t) = 3*t**2 + 2*t + 1. What is x(i)?
2
Suppose 615 = 3*w + 630. Let g(f) = -3*f - 17. Determine g(w).
-2
Let h(b) = b**3 - 11*b**2 + 8*b + 6. Let u be h(10). Let w(p) = p**2 + 12*p - 26. What is w(u)?
2
Suppose g + 4 = -1. Let o(w) be the first derivative of w**7/840 + w**6/90 - w**5/20 + 5*w**3/3 - 9. Let f(k) be the third derivative of o(k). Determine f(g).
5
Suppose 0 = -8*y + 112 - 88. Let u(s) = -s**2 + 6*s - 7. What is u(y)?
2
Let g(c) be the second derivative of -c**5/20 + c**4/4 - c**3/6 - c**2 - 3*c - 15. Calculate g(2).
0
Let k(a) be the first derivative of -a**3/6 - a**2/2 + 3*a - 5. Let l(u) be the first derivative of k(u). What is l(-6)?
5
Let t(x) = -9*x + 2. Let n(d) = -5*d + 1. Let a(w) = -5*n(w) + 3*t(w). Give a(5).
-9
Let a(w) = -3*w**3 + 3*w**2 - 6. Let s(r) = 3*r**3 - 2*r**2 + 5. Let k(i) = -4*a(i) - 5*s(i). Suppose -2*x + 4*t - 1 = 3, -x + 5*t - 2 = 0. What is k(x)?
15
Let d(w) be the third derivative of -w**5/60 - 5*w**4/6 - 7*w**3/3 + 248*w**2. Calculate d(-19).
5
Let b(l) be the third derivative of l**5/20 - l**4/8 + l**3/3 + 193*l**2. What is b(1)?
2
Let j(o) = o**3 + 39 + 4*o - 33 + 5*o + 9*o**2 + 14*o - 14*o. Determine j(-8).
-2
Let a(z) = -z**3 + 4*z**2 - z + 4. Let n = 12 + -14. Let o be (-2)/6*3*2*n. Calculate a(o).
0
Let w(i) = -2*i - 2. Let b = 39 - 37. Suppose -q + b = -2*q. Calculate w(q).
2
Suppose 2*j - 6*j = 4*w, 0 = 5*j - 2*w. Let a(k) = -k**2 - k + 4. Calculate a(j).
4
Let h(b) be the third derivative of b**5/20 + b**3/3 + 100*b**2. Determine h(-2).
14
Let x(f) = -f**3 + 7*f**2 + 9*f - 8. Let n be x(8). Let o(b) be the second derivative of b**4/12 - 5*b**2 - 154*b. Determine o(n).
-10
Let i = -211 + 228. Let n(w) = 2*w - 30. Determine n(i).
4
Let r(y) = 2*y**3 - 9*y**2 + 13. Let q(l) = -l**3 + 5*l**2 - 7. Let f(j) = -11*q(j) - 6*r(j). Determine f(-3).
17
Let m(x) be the first derivative of x**6/120 + x**5/60 - x**4/6 - 2*x**3/3 - 7*x**2 + 14. Let w(s) be the second derivative of m(s). Give w(-3).
-10
Let a(y) = 54 - 54 + 5*y. Suppose 3*p + 2*t + 0*t = 4, -5*p + 4*t - 30 = 0. Calculate a(p).
-10
Let u(m) = -19*m**2 - 13*m**2 + 28*m**2. Let i be -2*3*15/18. Let o be (3/1)/(i + 8). Give u(o).
-4
Suppose 0*p - 10 = -2*p. Suppose 0 = -p*k - 32 + 52. Let z(w) = -w**2 + 5*w + 1. What is z(k)?
5
Let c be (-42)/(-288)*12*(1 + -5). Let r(g) = g**2 + 7*g + 4. What is r(c)?
4
Let i(f) = 10*f**2 - 9*f - 17. Let n(p) = -3*p**2 + 3*p + 5. Let t(b) = -4*i(b) - 14*n(b). Calculate t(4).
6
Let k(j) be the third derivative of j**7/840 + j**6/72 + j**5/60 + 5*j**4/24 - 25*j**3/6 + 3*j**2. Let a(c) be the first derivative of k(c). Give a(-5).
-5
Let m(h) = 11*h + 1. Suppose -o - 1 = 2*c - 2*o, 4*c - 3*o = -5. Give m(c).
12
Let g(l) = -2*l - 203 + 208 + 5*l - 2*l - 7*l**2 - l**3. Give g(-7).
-2
Let f(b) = -3*b**2 + 3*b + 2. Let m(h) = 15*h**2 - 15*h - 11. Let v = 19 + -30. Let q(l) = v*f(l) - 2*m(l). Determine q(2).
6
Let b(y) be the third derivative of -y**5/20 - y**4/6 - y**3/2 + 3*y**2 - 33*y. Let v be 2/4 - (-20)/(-8). Calculate b(v).
-7
Let b(z) be the third derivative of z**4/8 - z**3/2 + z**2. Suppose 0*j - j - 2*d = 18, -21 = j + 3*d. Let u be (8/j)/(4/(-12)). Determine b(u).
3
Let t(w) = -w - 21. Let v(l) = 5*l + 84. Let p(a) = -9*t(a) - 2*v(a). Determine p(0).
21
Let r(y) = 3*y**2 + 2. Suppose -5 - 11 = -4*z. Suppose 0 = z*p - 8*p - 8. Give r(p).
14
Let n(a) = -3*a + 30. Let b = -1410 + 1421. Give n(b).
-3
Suppose -j = -5*j + 80. Suppose -5*a + 20 = p - 2*p, -4*p = 3*a - 12. Suppose 4*n + 3*b + 0 = -5, -n - 5*b + j = p. Let o(s) = -s**2 - 3*s + 3. Calculate o(n).
-7
Let m(p) = -p - 1. Suppose -3*v = 5*l + 19, 4*v - 3*l - 34 = -11. Let t(a) = -5*a**2 - 2*a - 1. Let s be t(v). Let y be (s/20)/((-3)/12). Calculate m(y).
-6
Let q(k) be the first derivative of k**4/4 - 8*k**3/3 - 10*k**2 + 5*k - 645. What is q(10)?
5
Suppose -2*l = -10*l + 88. Let r(a) = 13*a - 21. Let q(z) = 3 - 6 + 7*z - 8. Let m(i) = l*q(i) - 6*r(i). Give m(6).
-1
Let d(v) = -11*v + 43. Let s(o) = -3*o + 13. Let i(q) = 2*d(q) - 7*s(q). Determine i(-12).
7
Let t(r) = 3*r**2 + 4. Let i(a) = -6 - 1 + 3 + 5. Let h(f) = 5*i(f) - t(f). Determine h(-1).
-2
Let s(g) = 3*g + 2. Let u(k) = -6*k - 5. Let i(z) = 5*s(z) + 2*u(z). Let n = -1809 + 1802. Give i(n).
-21
Let n(g) = 1. Let i = -62 - -96. Let h(v) = 34 + 2*v - i. Let t(k) = -h(k) - 4*n(k). What is t(-4)?
4
Let m(x) be the first derivative of -x**3/3 + 5*x**2 + x + 164. Calculate m(8).
17
Suppose 972*v = 966*v - 54. Let k(o) = -o - 13. Determine k(v).
-4
Let u(p) = -7*p**3 - 19*p**2 + 30*p - 11. Let j(r) = 4*r**3 + 10*r**2 - 16*r + 5. Let o(q) = 5*j(q) + 3*u(q). Give o(-8).
-24
Let q be (-1)/(-2) + 2/(-8)*-2. Let r(k) = 649*k - 3*k**2 - q - 654*k + 4*k**2. Calculate r(3).
-7
Suppose -2*w + 17 - 5 = 2*s, 0 = w + 2*s - 6. Let m(r) = 2*r**2 - 3*r**2 - 174*r - w + 166*r. What is m(-6)?
6
Suppose 8 = g - 3*g - 5*j, -5*g - 4*j - 3 = 0. Let m(c) = -5*c + 2. Let a(n) = 21*n - 9. Let k(f) = -2*a(f) - 9*m(f). Calculate k(g).
3
Let s(a) = 7*a + 5. Let f(u) = 6*u + 4. Let r(v) = 6*f(v) - 5*s(v). Suppose 0 = l - 5*y - 28, -5*y - 45 = -20. Give r(l).
2
Suppose 2*x + x = 66. Let h = -14 + x. Let l be 4 - (h - (3 - 5)). Let y(u) = u**3 + 5*u**2 - 7*u - 5. What is y(l)?
1
Suppose 5*r - 12 = j + j, 4*j = r - 24. Let b(s) = 2*s - 1. Give b(j).
-13
Let h(q) = -q**3 - 4*q**2 + 4*q + 5. Suppose 0 = 3*j + 241 - 226. Determine h(j).
10
Let g(k) = k**3 + 15*k**2 - 17*k + 3. Let t be (-47)/3 - 60/180. Calculate g(t).
19
Let s(b) = -b + 9. Let g(q) = q**3 + 5*q**2 + 2*q + 18. Let r be g(-5). Give s(r).
1
Let u(h) = 7*h + 1110 - 2*h**2 - h + h**3 - 1116. Calculate u(2).
6
Let b(g) = -g**3 + g**2 + 3*g - 1. Let u = -379 - -383. Determine b(u).
-37
Let i(m) = -5*m + 4. Let l(p) = -6*p + 2. Let v(u) = -7*i(u) + 6*l(u). Give v(-11).
-5
Let z(k) be the first derivative of 6*k**2 - 34*k + 470. Calculate z(3).
2
Let a(v) be the third derivative of v**8/10080 + v**7/1260 + v**6/240 - 7*v**5/15 + 16*v**2. Let q(j) be the third derivative of a(j). Determine q(-2).
3
Let n(w) = -w - 49. Let k(z) = 1